{"id":32,"date":"2023-07-19T22:17:42","date_gmt":"2023-07-19T20:17:42","guid":{"rendered":"http:\/\/ludikastudio.com\/?page_id=32"},"modified":"2025-06-11T12:05:35","modified_gmt":"2025-06-11T10:05:35","slug":"serious-game-design","status":"publish","type":"page","link":"https:\/\/ludikastudio.com\/index.php\/serious-game-design\/","title":{"rendered":"Serious Game Design"},"content":{"rendered":"\n<p>Forte de mon expertise en temps que ludoth\u00e9caire et membre actif de l&rsquo;association \u00ab\u00a0Les joueurs de Cornouaille\u00a0\u00bb avec laquelle <\/p>\n\n\n\n<p>j&rsquo;ai r\u00e9alis\u00e9 plusieurs escape game, jeu de piste et murder party. Je vous propose mes services pour la conception de vos serious game. <\/p>\n\n\n\n<p><\/p>\n\n\n\n<p>Je suis membre du <a href=\"https:\/\/www.sgd-syndicat.org\/\">Syndicat fran\u00e7ais des serious game designers<\/a> qui propose cette d\u00e9finition pour le m\u00e9tier <\/p>\n\n\n\n<p>\u00a0\u00bb Les Serious Game Designers sont des cr\u00e9ateurs et cr\u00e9atrices de jeux analogiques ou num\u00e9riques \u00e0 fonction utilitaire. Ils et elles ma\u00eetrisent a minima deux expertises\u202f; l\u2019une dans le game design et l\u2019autre dans un des 3 domaines : diffusion de message (\u00e9ducatif, informatif, persuasif, subjectif), dispensation d\u2019entra\u00eenements, \u00e9change de donn\u00e9es. \u00a0\u00bb <\/p>\n\n\n\n<p><\/p>\n\n\n\n<p>Mais qu&rsquo;est ce qu&rsquo;un Serious Game me direz vous&#8230; <\/p>\n\n\n\n<p>Selon Juian Alvarez et Damien Djaoui c&rsquo;est \u00a0\u00bb Un outil ludique \u00e0 vocation s\u00e9rieuse con\u00e7u pour \u00eatre informatif, pr\u00e9ventif, p\u00e9dagogique ou th\u00e9rapeutique.\u00a0\u00bb<\/p>\n\n\n\n<p>Un serious-game peut donc \u00eatre digital ou analogique et m\u00eame phygital. Personnellement je me porte plus facilement vers les dispositifs analogiques. <\/p>\n\n\n\n<p>Un serious game est donc un jeu \u00e0 part enti\u00e8re et doit \u00eatre diff\u00e9renci\u00e9 d&rsquo;un dispositif gamifi\u00e9. <\/p>\n\n\n\n<p><\/p>\n","protected":false},"excerpt":{"rendered":"<p>Forte de mon expertise en temps que ludoth\u00e9caire et membre actif de l&rsquo;association \u00ab\u00a0Les joueurs de Cornouaille\u00a0\u00bb avec laquelle j&rsquo;ai r\u00e9alis\u00e9 plusieurs escape game, jeu de piste et murder party. Je vous propose mes services pour la conception de vos serious game. Je suis membre du Syndicat fran\u00e7ais des serious game designers qui propose cette&hellip;&nbsp;<a href=\"https:\/\/ludikastudio.com\/index.php\/serious-game-design\/\" rel=\"bookmark\">Lire la suite &raquo;<span class=\"screen-reader-text\">Serious Game Design<\/span><\/a><\/p>\n","protected":false},"author":1,"featured_media":0,"parent":0,"menu_order":0,"comment_status":"closed","ping_status":"closed","template":"","meta":{"neve_meta_sidebar":"","neve_meta_container":"","neve_meta_enable_content_width":"","neve_meta_content_width":0,"neve_meta_title_alignment":"","neve_meta_author_avatar":"","neve_post_elements_order":"","neve_meta_disable_header":"","neve_meta_disable_footer":"","neve_meta_disable_title":"","footnotes":""},"class_list":["post-32","page","type-page","status-publish","hentry"],"_links":{"self":[{"href":"https:\/\/ludikastudio.com\/index.php\/wp-json\/wp\/v2\/pages\/32","targetHints":{"allow":["GET"]}}],"collection":[{"href":"https:\/\/ludikastudio.com\/index.php\/wp-json\/wp\/v2\/pages"}],"about":[{"href":"https:\/\/ludikastudio.com\/index.php\/wp-json\/wp\/v2\/types\/page"}],"author":[{"embeddable":true,"href":"https:\/\/ludikastudio.com\/index.php\/wp-json\/wp\/v2\/users\/1"}],"replies":[{"embeddable":true,"href":"https:\/\/ludikastudio.com\/index.php\/wp-json\/wp\/v2\/comments?post=32"}],"version-history":[{"count":4,"href":"https:\/\/ludikastudio.com\/index.php\/wp-json\/wp\/v2\/pages\/32\/revisions"}],"predecessor-version":[{"id":217,"href":"https:\/\/ludikastudio.com\/index.php\/wp-json\/wp\/v2\/pages\/32\/revisions\/217"}],"wp:attachment":[{"href":"https:\/\/ludikastudio.com\/index.php\/wp-json\/wp\/v2\/media?parent=32"}],"curies":[{"name":"wp","href":"https:\/\/api.w.org\/{rel}","templated":true}]}}